{"id":39,"date":"2025-10-07T16:28:25","date_gmt":"2025-10-07T16:28:25","guid":{"rendered":"https:\/\/hydraction.org\/?page_id=39"},"modified":"2025-10-07T17:19:23","modified_gmt":"2025-10-07T17:19:23","slug":"nos-solutions-et-realisations","status":"publish","type":"page","link":"https:\/\/hydraction.org\/?page_id=39","title":{"rendered":"Nos solutions et r\u00e9alisations"},"content":{"rendered":"\n<p><strong>Pionnier dans les syst\u00e8mes de r\u00e9utilisation des eaux grises<\/strong> des salles de bain d&#8217;un immeuble sur Bordeaux pour alimenter les toilettes et arroser les espaces verts (avec notre partenaire LEESU).<\/p>\n\n\n\n<figure class=\"wp-block-gallery has-nested-images columns-default is-cropped wp-block-gallery-1 is-layout-flex wp-block-gallery-is-layout-flex\">\n<figure class=\"wp-block-image size-large\"><img decoding=\"async\" data-id=\"69\" src=\"https:\/\/hydraction.org\/wp-content\/uploads\/2025\/10\/BDO-PANO.jpg\" alt=\"Panneau \u00e0 Bordeaux\" class=\"wp-image-69\"\/><\/figure>\n\n\n\n<figure class=\"wp-block-image size-large\"><img loading=\"lazy\" decoding=\"async\" width=\"225\" height=\"300\" data-id=\"55\" src=\"https:\/\/hydraction.org\/wp-content\/uploads\/2025\/10\/5B12F658-5EB6-44BE-9DCE-0BCD03DD11A6_1_105_c-225x300-1.jpeg\" alt=\"\" class=\"wp-image-55\"\/><\/figure>\n\n\n\n<figure class=\"wp-block-image size-large\"><img loading=\"lazy\" decoding=\"async\" width=\"768\" height=\"1024\" data-id=\"74\" src=\"https:\/\/hydraction.org\/wp-content\/uploads\/2025\/10\/90EC70A2-FD07-474D-99CA-E3CF804DC32D_1_105_c.jpeg\" alt=\"\" class=\"wp-image-74\" srcset=\"https:\/\/hydraction.org\/wp-content\/uploads\/2025\/10\/90EC70A2-FD07-474D-99CA-E3CF804DC32D_1_105_c.jpeg 768w, https:\/\/hydraction.org\/wp-content\/uploads\/2025\/10\/90EC70A2-FD07-474D-99CA-E3CF804DC32D_1_105_c-225x300.jpeg 225w\" sizes=\"auto, (max-width: 767px) 89vw, (max-width: 1000px) 54vw, (max-width: 1071px) 543px, 580px\" \/><\/figure>\n\n\n\n<figure class=\"wp-block-image size-large\"><img loading=\"lazy\" decoding=\"async\" width=\"768\" height=\"1024\" data-id=\"75\" src=\"https:\/\/hydraction.org\/wp-content\/uploads\/2025\/10\/4F99CA1D-4B1B-43A9-B784-0FB691DF77CB_1_105_c.jpeg\" alt=\"\" class=\"wp-image-75\" srcset=\"https:\/\/hydraction.org\/wp-content\/uploads\/2025\/10\/4F99CA1D-4B1B-43A9-B784-0FB691DF77CB_1_105_c.jpeg 768w, https:\/\/hydraction.org\/wp-content\/uploads\/2025\/10\/4F99CA1D-4B1B-43A9-B784-0FB691DF77CB_1_105_c-225x300.jpeg 225w\" sizes=\"auto, (max-width: 767px) 89vw, (max-width: 1000px) 54vw, (max-width: 1071px) 543px, 580px\" \/><\/figure>\n\n\n\n<figure class=\"wp-block-image size-large\"><img loading=\"lazy\" decoding=\"async\" width=\"1024\" height=\"683\" data-id=\"76\" src=\"https:\/\/hydraction.org\/wp-content\/uploads\/2025\/10\/DSC_9034-copy-1024x683.jpg\" alt=\"\" class=\"wp-image-76\" srcset=\"https:\/\/hydraction.org\/wp-content\/uploads\/2025\/10\/DSC_9034-copy-1024x683.jpg 1024w, https:\/\/hydraction.org\/wp-content\/uploads\/2025\/10\/DSC_9034-copy-300x200.jpg 300w, https:\/\/hydraction.org\/wp-content\/uploads\/2025\/10\/DSC_9034-copy-768x512.jpg 768w, https:\/\/hydraction.org\/wp-content\/uploads\/2025\/10\/DSC_9034-copy-1536x1024.jpg 1536w, https:\/\/hydraction.org\/wp-content\/uploads\/2025\/10\/DSC_9034-copy-2048x1366.jpg 2048w\" sizes=\"auto, (max-width: 767px) 89vw, (max-width: 1000px) 54vw, (max-width: 1071px) 543px, 580px\" \/><\/figure>\n<\/figure>\n\n\n\n<p><strong>Concepteur<\/strong> d&#8217;une <strong>machine mobile de potabilisation<\/strong> d&#8217;eau pour les situations de catastrophes naturelles et conflits arm\u00e9s (pour notre partenaire LOGWATER Truck)<\/p>\n\n\n\n<figure class=\"wp-block-gallery has-nested-images columns-default is-cropped wp-block-gallery-2 is-layout-flex wp-block-gallery-is-layout-flex\">\n<figure class=\"wp-block-image size-large\"><img loading=\"lazy\" decoding=\"async\" width=\"683\" height=\"1024\" data-id=\"72\" src=\"https:\/\/hydraction.org\/wp-content\/uploads\/2025\/10\/machine-Logwater-fermee-copy-683x1024.jpg\" alt=\"Machine Osmose Inverse pour Logwater\" class=\"wp-image-72\" srcset=\"https:\/\/hydraction.org\/wp-content\/uploads\/2025\/10\/machine-Logwater-fermee-copy-683x1024.jpg 683w, https:\/\/hydraction.org\/wp-content\/uploads\/2025\/10\/machine-Logwater-fermee-copy-200x300.jpg 200w, https:\/\/hydraction.org\/wp-content\/uploads\/2025\/10\/machine-Logwater-fermee-copy-768x1152.jpg 768w, https:\/\/hydraction.org\/wp-content\/uploads\/2025\/10\/machine-Logwater-fermee-copy.jpg 1024w\" sizes=\"auto, (max-width: 683px) 100vw, 683px\" \/><\/figure>\n\n\n\n<figure class=\"wp-block-image size-large\"><img loading=\"lazy\" decoding=\"async\" width=\"1024\" height=\"683\" data-id=\"73\" src=\"https:\/\/hydraction.org\/wp-content\/uploads\/2025\/10\/pickup-Logwater-copy-1024x683.jpg\" alt=\"Pickup pour Logwater\" class=\"wp-image-73\" srcset=\"https:\/\/hydraction.org\/wp-content\/uploads\/2025\/10\/pickup-Logwater-copy-1024x683.jpg 1024w, https:\/\/hydraction.org\/wp-content\/uploads\/2025\/10\/pickup-Logwater-copy-300x200.jpg 300w, https:\/\/hydraction.org\/wp-content\/uploads\/2025\/10\/pickup-Logwater-copy-768x512.jpg 768w, https:\/\/hydraction.org\/wp-content\/uploads\/2025\/10\/pickup-Logwater-copy.jpg 1536w\" sizes=\"auto, (max-width: 767px) 89vw, (max-width: 1000px) 54vw, (max-width: 1071px) 543px, 580px\" \/><\/figure>\n<\/figure>\n\n\n\n<p>Mise en place d&#8217;un syst\u00e8me complet et de son financement pour un industriel dans le domaine agroalimentaire sur Avignon avec un ROI en moins de 3 ans. <mark style=\"background-color:rgba(0, 0, 0, 0)\" class=\"has-inline-color has-vivid-red-color\">PHOTO CONTAINER<\/mark><\/p>\n\n\n\n<div style=\"height:100px\" aria-hidden=\"true\" class=\"wp-block-spacer\"><\/div>\n\n\n\n<p><strong>Nos derniers clients<\/strong><\/p>\n\n\n\n<figure class=\"wp-block-gallery aligncenter has-nested-images columns-3 wp-block-gallery-3 is-layout-flex wp-block-gallery-is-layout-flex\">\n<figure class=\"wp-block-image size-large\"><img loading=\"lazy\" decoding=\"async\" width=\"728\" height=\"266\" data-id=\"52\" src=\"https:\/\/hydraction.org\/wp-content\/uploads\/2025\/10\/Logo-Logwater-Truck.png\" alt=\"Logwater\" class=\"wp-image-52\" srcset=\"https:\/\/hydraction.org\/wp-content\/uploads\/2025\/10\/Logo-Logwater-Truck.png 728w, https:\/\/hydraction.org\/wp-content\/uploads\/2025\/10\/Logo-Logwater-Truck-300x110.png 300w\" sizes=\"auto, (max-width: 728px) 100vw, 728px\" \/><\/figure>\n\n\n\n<figure class=\"wp-block-image size-large\"><img loading=\"lazy\" decoding=\"async\" width=\"1024\" height=\"696\" data-id=\"51\" src=\"https:\/\/hydraction.org\/wp-content\/uploads\/2025\/10\/logo_Bouygues-1024x696.png\" alt=\"Bouygues B\u00e2timent - Promoteur immobilier\" class=\"wp-image-51\" srcset=\"https:\/\/hydraction.org\/wp-content\/uploads\/2025\/10\/logo_Bouygues-1024x696.png 1024w, https:\/\/hydraction.org\/wp-content\/uploads\/2025\/10\/logo_Bouygues-300x204.png 300w, https:\/\/hydraction.org\/wp-content\/uploads\/2025\/10\/logo_Bouygues-768x522.png 768w, https:\/\/hydraction.org\/wp-content\/uploads\/2025\/10\/logo_Bouygues-1536x1043.png 1536w, https:\/\/hydraction.org\/wp-content\/uploads\/2025\/10\/logo_Bouygues.png 1780w\" sizes=\"auto, (max-width: 767px) 89vw, (max-width: 1000px) 54vw, (max-width: 1071px) 543px, 580px\" \/><\/figure>\n\n\n\n<figure class=\"wp-block-image size-large\"><img loading=\"lazy\" decoding=\"async\" width=\"1024\" height=\"334\" data-id=\"50\" src=\"https:\/\/hydraction.org\/wp-content\/uploads\/2025\/10\/Logo-Domofrance-1024x334.png\" alt=\"Domofrance - Bailleur social\" class=\"wp-image-50\" srcset=\"https:\/\/hydraction.org\/wp-content\/uploads\/2025\/10\/Logo-Domofrance-1024x334.png 1024w, https:\/\/hydraction.org\/wp-content\/uploads\/2025\/10\/Logo-Domofrance-300x98.png 300w, https:\/\/hydraction.org\/wp-content\/uploads\/2025\/10\/Logo-Domofrance-768x250.png 768w, https:\/\/hydraction.org\/wp-content\/uploads\/2025\/10\/Logo-Domofrance.png 1169w\" sizes=\"auto, (max-width: 767px) 89vw, (max-width: 1000px) 54vw, (max-width: 1071px) 543px, 580px\" \/><\/figure>\n<\/figure>\n\n\n\n<h2 class=\"wp-block-heading\"><strong>Nos domaines de comp\u00e9tence<\/strong> (R\u00e9duire &#8211; Recycler &#8211; R\u00e9utiliser)<\/h2>\n\n\n\n<p><strong>Les EAUX INDUSTRIELLES <br><\/strong>Nous intervenons sur l&#8217;eau de process (ex : pr\u00e9paration, transformation et conservation), eau de nettoyage, eau ingr\u00e9dient (ex: aliment ou boisson), utiltaires (chaufferie, refroidissement), eaux pluviales, eaux sanitaires mais aussi la STEP qui retraite ces eaux avant de les rejeter.<\/p>\n\n\n\n<p>Vous \u00eates un <strong>industriel<\/strong> de tout secteur, un <strong>agriculteur<\/strong> ou un <strong>vigneron<\/strong> ?  T\u00e9l\u00e9chargez notre d\u00e9pliant et contactez nous pour d\u00e9couvrir ce que nous pouvons vous apporter (audit, recherche de financement, conception, fabrication ou sourcing, installation, suivi et maintenance avec budget clair et ROI, le tout sans interruption de votre activit\u00e9.<\/p>\n\n\n\n<p><strong>Les EAUX GRISES et les EAUX PLUVIALES<br><\/strong>Nous collectons les eaux des salles de bain et des toitures, les traitons par jardin de phyto\u00e9puration ou bio-r\u00e9acteur \u00e0 membranes avant de les r\u00e9utiliser pour alimenter les chasses d&#8217;eau, arroser les espaces verts et laver les parties communes<\/p>\n\n\n\n<p>Vous \u00eates un <strong>promoteur immobilier<\/strong>, responsable d&#8217;un <strong>camping<\/strong> ou d&#8217;un <strong>hot\u00eal\/spa<\/strong>, d\u00e9couvrez comment on peut vous aider \u00e0 financer votre projet et vous accompagner \u00e0 chaque \u00e9tape de la conception \u00e0 la r\u00e9alisation d&#8217;une solution sur-mesure. T\u00e9l\u00e9chargez notre d\u00e9pliant ici et contactez nous.<\/p>\n\n\n\n<p><strong>L&#8217;EAU POTABLE<\/strong><br>Nous avons con\u00e7u des syt\u00e8mes mobiles de potabilisation, permettant de prendre de l&#8217;eau brute (eau de rivi\u00e8res, de puits, de mer,&#8230;) et de la potabiliser sur place. Cette solution est principalement destin\u00e9e aux <strong>ONG<\/strong> et <strong>communaut\u00e9s de communes<\/strong>.<\/p>\n\n\n\n<p><strong>La SENSIBILISATION<br><\/strong>Suivez nos r\u00e9seaux sociaux ou contactez nous pour conna\u00eetre nos prochaines dates pr\u00e8s de chez vous. Convaincu que l&#8217;information et la sensibilisation sont essentielles, nous r\u00e9pondons r\u00e9guli\u00e8rement aux appels de <strong>m\u00e9dias<\/strong>, <strong>\u00e9coles<\/strong>, <strong>\u00e9lus<\/strong> pour partager notre savoir et r\u00e9fl\u00e9chir ensemble \u00e0 la pr\u00e9servation de la ressource en eau.<\/p>\n\n\n\n<p><\/p>\n\n\n<div class=\"aligncenter wp-block-site-logo\"><a href=\"https:\/\/hydraction.org\/\" class=\"custom-logo-link\" rel=\"home\"><img loading=\"lazy\" decoding=\"async\" width=\"287\" height=\"287\" src=\"https:\/\/hydraction.org\/wp-content\/uploads\/2025\/10\/cropped-drop_Hydraction-scaled-1.png\" class=\"custom-logo\" alt=\"Hydraction\" srcset=\"https:\/\/hydraction.org\/wp-content\/uploads\/2025\/10\/cropped-drop_Hydraction-scaled-1.png 250w, https:\/\/hydraction.org\/wp-content\/uploads\/2025\/10\/cropped-drop_Hydraction-scaled-1-150x150.png 150w, https:\/\/hydraction.org\/wp-content\/uploads\/2025\/10\/cropped-drop_Hydraction-scaled-1-100x100.png 100w\" sizes=\"auto, 100vw\" \/><\/a><\/div>\n\n\n<p><\/p>\n","protected":false},"excerpt":{"rendered":"<p>Pionnier dans les syst\u00e8mes de r\u00e9utilisation des eaux grises des salles de bain d&#8217;un immeuble sur Bordeaux pour alimenter les toilettes et arroser les espaces verts (avec notre partenaire LEESU). Concepteur d&#8217;une machine mobile de potabilisation d&#8217;eau pour les situations de catastrophes naturelles et conflits arm\u00e9s (pour notre partenaire LOGWATER Truck) Mise en place d&#8217;un &hellip; <\/p>\n<p class=\"link-more\"><a href=\"https:\/\/hydraction.org\/?page_id=39\" class=\"more-link\">Continue reading<span class=\"screen-reader-text\"> &#8220;Nos solutions et r\u00e9alisations&#8221;<\/span><\/a><\/p>\n","protected":false},"author":1,"featured_media":64,"parent":0,"menu_order":0,"comment_status":"closed","ping_status":"closed","template":"","meta":{"footnotes":""},"class_list":["post-39","page","type-page","status-publish","has-post-thumbnail","hentry"],"_links":{"self":[{"href":"https:\/\/hydraction.org\/index.php?rest_route=\/wp\/v2\/pages\/39","targetHints":{"allow":["GET"]}}],"collection":[{"href":"https:\/\/hydraction.org\/index.php?rest_route=\/wp\/v2\/pages"}],"about":[{"href":"https:\/\/hydraction.org\/index.php?rest_route=\/wp\/v2\/types\/page"}],"author":[{"embeddable":true,"href":"https:\/\/hydraction.org\/index.php?rest_route=\/wp\/v2\/users\/1"}],"replies":[{"embeddable":true,"href":"https:\/\/hydraction.org\/index.php?rest_route=%2Fwp%2Fv2%2Fcomments&post=39"}],"version-history":[{"count":6,"href":"https:\/\/hydraction.org\/index.php?rest_route=\/wp\/v2\/pages\/39\/revisions"}],"predecessor-version":[{"id":77,"href":"https:\/\/hydraction.org\/index.php?rest_route=\/wp\/v2\/pages\/39\/revisions\/77"}],"wp:featuredmedia":[{"embeddable":true,"href":"https:\/\/hydraction.org\/index.php?rest_route=\/wp\/v2\/media\/64"}],"wp:attachment":[{"href":"https:\/\/hydraction.org\/index.php?rest_route=%2Fwp%2Fv2%2Fmedia&parent=39"}],"curies":[{"name":"wp","href":"https:\/\/api.w.org\/{rel}","templated":true}]}}